- 528 = -77*k. Calculate the greatest common divisor of 10110 and k.
6
Let o = 6 - 10. Let b be 23/(69/(-18)) - 3. Let i be (-79)/b + o/(-18). Calculate the greatest common divisor of i and 45.
9
Suppose 7*i = -20 + 62. Suppose -502 = -i*m + 74. Suppose 327 = 7*p + m. Calculate the greatest common divisor of p and 11.
11
Let n = 1781 + -1712. What is the highest common divisor of 46 and n?
23
Let r(x) = 15*x + 365. Let l be r(-23). Calculate the highest common divisor of l and 2970.
10
Let k(u) = -u**3 + 10*u**2 + 12*u + 7. Let f be k(11). Let x = 93 - 48. What is the highest common divisor of f and x?
9
Let i = 3123 + -2619. What is the greatest common divisor of 70 and i?
14
Suppose 615 = 60*c - 168 - 897. Let t be 0/1*(1 + 0). Suppose 2*w + 5*y - 24 = t, 4*w - y - 1 - 3 = 0. What is the greatest common factor of w and c?
2
Suppose 1 - 7 = p - 2*g, g + 2 = -2*p. Let l be (6/12)/(p/(-152)). What is the highest common divisor of l and 57?
19
Let j = 42658 - 42475. Let y(g) = 19*g**2 + 1. Let l be y(4). What is the greatest common divisor of j and l?
61
Let u(h) be the first derivative of h**4/4 + 55*h**3/3 - h**2 - 38*h - 45. Let p be u(-55). What is the greatest common divisor of 16 and p?
8
Let x = -3 + 6. Suppose -4*t - 602 = -5*r + 71, 2*r - 5*t - 259 = 0. Suppose 5*w - 5 = 0, -10*w + r = 4*s - 5*w. What is the highest common factor of s and x?
3
Suppose -4*q + 8776 = -4*b, 0 = -52*q + 47*q - 2*b + 10963. Calculate the greatest common divisor of 816 and q.
51
Let t = -350 + 352. Suppose 3*f + 36 = 2*k - 13, -59 = -t*k + 5*f. What is the highest common divisor of 119 and k?
17
Let l = -4042 - -4088. Suppose -3*z + z + 6 = 0. Suppose -z*a + 4*x = -80 - 143, 0 = 5*a + 4*x - 329. What is the greatest common divisor of a and l?
23
Let q = -19506 + 25138. Calculate the greatest common factor of q and 56.
8
Let s = 50 + -1. Let x = s + -48. Let h be x*-1*324/(-12). What is the greatest common divisor of h and 189?
27
Suppose -2*d + 2974 = 3*q, 0 = 5*q + 24*d - 25*d - 4935. What is the highest common divisor of 52 and q?
52
Let w be 12 - (-1890)/(5 + 22). Calculate the highest common divisor of 7380 and w.
82
Let d be (-182)/(-2) - (-173 - -194). Calculate the highest common divisor of 3115 and d.
35
Let f = -19656 - -19662. What is the greatest common factor of f and 9258?
6
Let x(w) = w**3 - 5*w**2 - 2*w + 17. Let t be x(5). Let n = -166 - -397. What is the greatest common factor of t and n?
7
Let l = -47 + 47. Let q be (-2)/3 - 660/9 - l. Let t = 130 + q. Calculate the greatest common factor of 8 and t.
8
Let o be 4/(-8)*-4*5/10. Let q be 6/o - (-17 + -162). What is the greatest common divisor of 37 and q?
37
Let c be 44 - -25*(-5 - (-138)/30). What is the greatest common factor of 7582 and c?
34
Let q(u) = 4*u**2 + 187*u - 36. Let s be q(-47). Calculate the greatest common factor of s and 539.
11
Let m be (-45930)/(-34) + 2 + 71/(28968/48). What is the greatest common divisor of 275 and m?
11
Suppose -3*g + 0*g = 5*o - 2, 5*o + 22 = 3*g. Let x be o/((-14)/9) - 4/14. Let q be (((-6)/x)/(-2))/(6/4). What is the greatest common factor of q and 32?
2
Let b be 2/6 + (-6032)/(-12) + -3. Suppose 5*r = r + 5*l + b, -3*r + l + 375 = 0. Calculate the highest common divisor of 25 and r.
25
Let u = 31205 + -31028. Calculate the highest common divisor of 472 and u.
59
Let a(k) = 94*k + 1345. Let c be a(-10). What is the highest common factor of c and 567?
81
Let c = -2679 - -5160. Suppose 0 = -5*u - 4*o + c, 2654 = 5*u + 2*o + 181. What is the highest common divisor of u and 58?
29
Suppose -1960 = -r - 1920. Calculate the highest common divisor of r and 270.
10
Let n be (-10)/(-55) - (-60)/33. Suppose 2*y = n*x + 22, -y - x - 1 = x. Suppose -3584 = -23*v + y*v. Calculate the greatest common divisor of v and 32.
32
Let g be (-2 - 0)/(-3*2/18). Let v be 3/g*-1 + (-226)/(-4). What is the highest common divisor of 56 and v?
56
Suppose 2*a + 32 = 38. Suppose 5*l - 3 = -0*r - 3*r, 5*l = 3*r - a. What is the greatest common factor of r and 1?
1
Let i(l) = 12*l**3 - 4*l**2 + 2*l. Let g be i(3). Let n = -8570 - -8612. Calculate the highest common divisor of g and n.
42
Let f(r) = r**2 - 50*r - 96. Let j be f(28). Let y = -667 - j. Let q = 28 + -19. Calculate the greatest common divisor of y and q.
9
Suppose -129*f = 3070 - 10810. Calculate the greatest common divisor of 12 and f.
12
Suppose -2*n - 552 = 6*n. Let p = n - -113. Let h = p - 39. What is the highest common factor of 15 and h?
5
Suppose 4*r = 4*q + 16, r - q - 8 = -4*r. Let y be (4/10)/(232/230 - r). What is the greatest common divisor of y and 46?
46
Suppose -3*s = 87*y - 84*y - 12, 2*s = -5*y + 11. Calculate the highest common divisor of 3921 and s.
3
Let c(h) = h**2 - 176*h + 690. Let v be c(0). What is the greatest common divisor of 276 and v?
138
Let i(l) = -l**3 + 4*l**2 + 9*l - 4. Let x be i(4). Let g(n) = -n**3 + n**2 + 4*n. Let c be g(-3). Calculate the highest common factor of c and x.
8
Suppose 17*w = 7*w - 80. Let v(d) = 3*d + 189. Let i be v(w). Calculate the greatest common divisor of i and 99.
33
Let i(w) = 5*w**3 + 2*w**2 + 3*w - 3. Let f be i(2). Suppose 441*a - 442*a = 4*d - 715, -2*d + 7319 = 11*a. What is the highest common divisor of a and f?
51
Let z be (15/(-4))/((-48)/384) + 2. What is the highest common factor of z and 76?
4
Let g = 55 + -13. Suppose 0 = 6*v - 6 - g. Let h be 8 - 12/v*12/9. What is the highest common divisor of 3 and h?
3
Suppose -3*s - s = -4*o - 144, 3*o + 184 = 5*s. Let y be (0/(-1))/(2/1). Suppose -r = -y*r - 19. Calculate the greatest common divisor of s and r.
19
Suppose -30*k + 116 = -26*k. Suppose -190 = -k*n + 100. Calculate the highest common factor of 15 and n.
5
Let h be 1*(-6 + 7 + 6). Let b be 13/((-91)/(-105)) - h. Calculate the greatest common factor of b and 792.
8
Let a(u) = -u**3 + 6*u**2 - u - 4. Let f be a(4). Let n be -6*(-3 + 5) + 4. Let y be (2*4)/(n*2/(-24)). Calculate the highest common divisor of y and f.
12
Let v = -22 + 24. Suppose -3*g + v*y + 254 = 0, -g - y + 66 = -17. Calculate the greatest common factor of 42 and g.
42
Let l be (-3)/((63/(-114))/7). Let p be (2/(-4))/((-2)/288). Suppose -s + 16 + 14 = -2*w, w + p = 2*s. What is the greatest common factor of l and s?
38
Let m = 145 - 138. Let f(h) = 96 + h**3 - 98 + 0*h**2 + m*h**2. Let q be f(-4). What is the highest common divisor of 368 and q?
46
Suppose 2*c - n - 11902 = 0, -3*c + 53*n - 49*n + 17838 = 0. Calculate the highest common divisor of 26 and c.
26
Let s be (4 - 7) + (1 - 0)*57. Let n = -46 + s. Calculate the highest common factor of n and 8.
8
Let l be (9*4*22/4)/(78/156). Calculate the highest common divisor of 2046 and l.
66
Let m(g) = 3*g**2 - 22*g + 97. Let z(n) = 4*n**2 - 21*n + 98. Let x(j) = -3*m(j) + 2*z(j). Let a be x(18). Calculate the highest common divisor of 65 and a.
13
Let p(u) = -u**2 - 16*u + 15. Let v be p(-14). Let g = v - -15. Let c(a) = a**3 - 2*a + 87. Let y be c(0). Calculate the highest common divisor of g and y.
29
Let r = -23 - -15. Let b = r - -13. Suppose b*g - 794 = -189. What is the greatest common divisor of g and 11?
11
Let w be (-137)/411 - 2131/(-3). What is the highest common divisor of 2698 and w?
142
Suppose -7 + 587 = 10*a. Suppose 0 = -3*o + 80 + a. What is the greatest common factor of o and 46?
46
Suppose 5*k + 140 = 3*y, 84 = 2*y - 21*k + 19*k. Calculate the highest common factor of 7630 and y.
35
Let i = 67 + -7. Suppose m + 30 - i = 0. Suppose -3*z - 2*q = -141, -5*z + 67 + 155 = -q. Calculate the highest common divisor of m and z.
15
Suppose -3*q - 3*i - 12 = -2*q, 3*i = q + 6. Let j(d) = 2*d + 36. Let n be j(q). What is the greatest common factor of n and 4?
2
Let a be ((-95)/6*-6)/5. What is the greatest common factor of a and 2?
1
Let n = 2320 + -2103. What is the greatest common factor of 39277 and n?
217
Let g(t) = -t**3 + 54*t**2 - 53*t + 172. Let w be g(53). What is the highest common divisor of w and 215?
43
Let p(s) = -s**2 - 11*s + 261. Let h be p(-22). What is the highest common divisor of h and 1007?
19
Suppose 114*y - 1402 = -114*y + 2930. What is the highest common divisor of y and 43073?
19
Let i = -8802 + 8821. Calculate the greatest common divisor of i and 10279.
19
Suppose 22 = 5*x - 18. Let n be (-2